ulate the remainder when o is divided by 37.
15
Let m(h) = 13*h + 481. What is the remainder when 484 is divided by m(-25)?
16
Suppose 5*s + 8 = 3*s, -5*g + 46 = s. Calculate the remainder when g is divided by (18/12)/(12/16).
0
Let h = 688 - 630. Suppose -3*t = -8*t + 300. Suppose 0 = -7*u + 2*u + t. What is the remainder when h is divided by u?
10
Suppose 532 = -4*s + 8*s. Suppose -3*h + 372 = 168. What is the remainder when s is divided by h?
65
Let o = 44 + 44. Let m = o + -77. Calculate the remainder when 85 is divided by m.
8
Let r be (-38)/(-6) + 3/(-9). Suppose 0 = -4*f - 6*f + r*f. Calculate the remainder when (118/(-4) - f)*-2 is divided by 20.
19
Suppose 3*c - 5*c = -58. Suppose 30*h = -14*h + 352. Calculate the remainder when c is divided by h.
5
Suppose -89 = h - 3*i, -4*i - 372 = -3*h + 7*h. Let g = 38 + h. Let b = g + 104. Calculate the remainder when 96 is divided by b.
46
Suppose -30454*u = -30548*u + 4324. Let p(s) = 3*s**2 + 7*s - 10. Calculate the remainder when p(-7) is divided by u.
42
Suppose -919*t + 906*t + 63583 = 0. Calculate the remainder when t is divided by 19.
8
Suppose u - 184 = m, 5*m = -6*u + 2*u + 745. Let z(y) = 5*y**2 + 16*y + 10. What is the remainder when u is divided by z(-6)?
91
Suppose -27 + 17 = -5*r. Let k(u) be the third derivative of -u**6/60 - u**5/6 + 5*u**4/12 - u**3 - 14*u**2. What is the remainder when k(-6) is divided by r?
0
Suppose -l + w = -18, l - 11*w = -14*w + 26. Let f(k) = -k**3 - 9*k**2 + 96*k - 20. What is the remainder when f(-16) is divided by l?
16
Let t(c) = -c**2 - 16*c - 42. Calculate the remainder when 131 is divided by t(-7).
5
Suppose -16*j + 14*j = -b - 254, -7*j + 5*b + 877 = 0. Suppose -v = 5*m - 189, 8*m = 3*m - 3*v + 187. Calculate the remainder when j is divided by m.
17
Suppose 0 = -5*y - 4*i + 19, 1 = 7*y - 8*y + 4*i. Suppose -2*r + 5*s = -85, -4*r = -y*s + 5*s - 110. Calculate the remainder when 117 is divided by r.
27
What is the remainder when (112/(-6))/(238/(-3927)) is divided by 140?
28
Let o = 1752 + -1616. Calculate the remainder when 432 is divided by o.
24
Suppose 33*u = 35*u - 20*u + 1224. What is the remainder when 68 is divided by u?
0
Suppose -8236 = -138*n - 1405 + 7521. What is the remainder when 433 is divided by n?
17
Let i(w) = -w**2 - w + 14. Let d be i(4). Let x(p) = -p**2 - 10*p - 8. Calculate the remainder when 77 is divided by x(d).
13
Suppose 115*j = 72*j + 1333. What is the remainder when 236 is divided by j?
19
What is the remainder when 392 + -15 + (-1 - -11) + -1 + 3 is divided by 150?
89
Let v = -17576 - -17667. Calculate the remainder when 476 is divided by v.
21
Let h(x) = -x**3 + 15*x**2 - 43*x + 10. Let v be h(15). Let g = -426 - v. What is the remainder when g is divided by 30?
29
Suppose 25 + 27 = -4*l. Suppose 13*r + 189 - 397 = 0. Calculate the remainder when (-1 + l)/(16/(-88)) is divided by r.
13
Calculate the remainder when 348 is divided by (99/27 - 5)/(((-4)/(-57))/(-2)).
6
Suppose 3*k + 16*l - 17*l - 62 = 0, -k + 18 = l. Suppose k*d - 10*d - 100 = 0. Calculate the remainder when 125 is divided by d.
5
Suppose -4*r - 28 = -272. Let p = r - 51. Let y = -111 + 140. Calculate the remainder when y is divided by p.
9
Calculate the remainder when 110/5*86/4 is divided by 64.
25
Suppose -189*p = 149*p - 5746. What is the remainder when 3841 is divided by p?
16
Suppose -10*q = 87 - 417. Suppose -7*u = -9*u + 260. Calculate the remainder when u is divided by q.
31
Let a be (-28)/(-15) - (-28)/210. Suppose -3*v = a*o - 19 - 26, 5*v + 5*o - 75 = 0. Calculate the remainder when 74 is divided by v.
14
Suppose 5571*u - 5566*u = 2*z + 359, -5*z = 3*u - 296. Let j(g) = g**2 + 36. Calculate the remainder when u is divided by j(0).
5
Let x be (2 + (-996)/10)*5. Let n = 585 + x. What is the remainder when n is divided by 19?
2
Let m(p) = 9*p**2 + 32*p + 81. Calculate the remainder when m(-8) is divided by 401.
0
Let y(l) = -l**3 - l**2 + 5*l + 1. Suppose 210*n - 7045 = 11304 + 4541. What is the remainder when n is divided by y(-4)?
22
Let i(u) = -u**3 - u**2 + 2*u. Let h(s) = -2*s**3 + s**2 - 9*s - 69. Let y(c) = -h(c) + 3*i(c). What is the remainder when 151 is divided by y(-4)?
7
Let m(s) = -s**2 + 7*s. Let y be m(0). Suppose y = -5*d + 31*d - 468. What is the remainder when d is divided by 7?
4
Let o(w) = 2*w**2 + 10*w + 168. Let u be o(17). Let c = u + -850. Calculate the remainder when c is divided by 34.
32
Suppose -46*f + 176 + 1434 = 0. Let a = 455 + -318. Calculate the remainder when a is divided by f.
32
Suppose -4*d - 27 = -9*j + 42, 0 = -j - 3*d - 13. Calculate the remainder when 153 is divided by j.
3
Let o(c) = 29*c - 107. Let j = -73 - -77. What is the remainder when 42 is divided by o(j)?
6
Suppose -5*o - v + 375 = 0, -316 = -4*o - 510*v + 506*v. Calculate the remainder when o is divided by 60.
14
Let x = 1510 + -1459. What is the remainder when 310 is divided by x?
4
Suppose 10 = 4*d + 2, -2*v = -4*d - 382. Let x = v - 60. Calculate the remainder when x is divided by 46.
43
Suppose -202 = -4*i + 2*q, -q - 31 = -3*i + 124. Calculate the remainder when 3612 is divided by i.
48
Suppose -3*j - 13 + 37 = 0. Suppose 3*c + 36 = 7*c. Suppose c*v = -363 + 1434. What is the remainder when v is divided by j?
7
Let w = 614 + -806. Let h = w - -221. What is the remainder when 113 is divided by h?
26
Let l(s) = s**3 + 5*s**2 + 4*s - 4. Suppose 2*h + c = 3 - 18, -20 = 4*c. Let k be l(h). What is the remainder when 16 is divided by (-220)/k - 4/24?
7
Suppose -100*l = -112*l + 5340. Calculate the remainder when l is divided by 161.
123
Let j = -578 - -594. Calculate the remainder when 250 is divided by j.
10
Let y = 71 + 113. Suppose 23*d = 27*d - y. What is the remainder when d is divided by 24?
22
Suppose -37*a = x - 40*a - 603, -2*a + 1864 = 3*x. Calculate the remainder when x is divided by 298.
22
Suppose 0*d + 3*d = 2*m - 412, 635 = 3*m + 4*d. What is the remainder when m is divided by 97?
15
Suppose 0 = 30*n + 30554 - 31934. Let z = 314 - 209. What is the remainder when z is divided by n?
13
Let y = -589 - -346. Let m = y - -322. Calculate the remainder when m is divided by 21.
16
Let k = 12557 + -5200. What is the remainder when k is divided by 46?
43
Let r be (-24)/(-48)*(-32)/(-2). Calculate the remainder when 34 is divided by (-180)/(-80)*r/3.
4
Let k(v) = -v**2 + 2*v**2 + 19 + 7*v - 16 - 39. Calculate the remainder when k(11) is divided by 41.
39
Let k(v) be the third derivative of -v**4/8 - 5*v**3/2 - 230*v**2. What is the remainder when 32 is divided by k(-8)?
5
Let q(t) = -14*t**2 + 115*t - 29. What is the remainder when 503 is divided by q(3)?
123
Let x(q) = 300*q**2 - q - 12. What is the remainder when x(-2) is divided by 74?
6
Suppose 3*u - 268 = -5*a + 7*a, 0 = -4*u - 4*a + 324. Let r(w) = w**3 - 8*w**2 + 8*w - 20. What is the remainder when u is divided by r(8)?
42
Suppose 8*g + 5*g = 0. Suppose g*q - 4*q + 84 = 0. Calculate the remainder when 119 is divided by q.
14
Let c = 258 - 256. Suppose c*l - 6 = 5*b + 56, 5*l + 2*b = 155. What is the remainder when 246 is divided by l?
29
Let b(o) = 2*o + 26. Let w(f) = 2*f + 26. Let m(i) = -6*b(i) + 7*w(i). Let t be m(8). Calculate the remainder when (-3*20/t)/((-7)/98) is divided by 13.
7
Let m = 2495 - 2477. Calculate the remainder when 195 is divided by m.
15
Suppose 0 = -5*q + 3*c - 97, -3 = 5*c + 2. Suppose -2*j - 16 = 6*j. Let r = j - q. Calculate the remainder when r is divided by 7.
4
Let n(m) = -m**2 + 7*m - 6. Let x be n(6). Suppose 3*d - 45 + 3 = x. What is the remainder when ((-2234)/80 + (-20)/(-160))*(2 - 7) is divided by d?
13
Suppose 0 = 2*t - 5*t + 66. Let k = 169270 + -168481. Calculate the remainder when k is divided by t.
19
Let l = -131 + 248. Suppose 0 = -6*q + 99 + l. Calculate the remainder when q is divided by ((-143)/44)/(2/(-8)).
10
Let g be (6/5)/((-9)/2115). Let b = g + 303. Let v = -101 - -183. What is the remainder when v is divided by b?
19
Suppose -h = h - 5*i - 257, -4*h = -i - 559. Suppose -3*o - 8776*s + 157 = -8780*s, -4*o = -4*s - 196. What is the remainder when h is divided by o?
24
Let z be 415/(-2)*12/15. Let m = z + 307. What is the remainder when m is divided by 1/4 + (-475)/(-20)?
21
Let o = 4963 + -4921. What is the remainder when 4